9. Determine z(6).
-5
Let z(u) be the first derivative of u**3/3 - 3*u**2 + 2*u - 63. What is z(5)?
-3
Let n(d) = -16*d**2 + 1. Suppose -19*w = 30 - 49. Determine n(w).
-15
Let p(m) be the second derivative of 4*m**4 + m**3/6 + 7*m + 34. Determine p(-1).
47
Suppose 4*x - 12 = -z, 2*z + 9 = 3*x + 5*z. Suppose x*u - 12 = 3*g - 0, 3*g + u = -12. Let c(y) = -y**3 - 5*y**2 - 4*y - 2. What is c(g)?
-2
Let s(k) = 2*k - 10. Suppose 29 = 3*n - 82. Suppose 0 = 5*j - n + 12, -3*p = -3*j - 6. What is s(p)?
4
Let n(k) = -k. Let m = 5 - 33. Let u = m - -32. Calculate n(u).
-4
Let i = 459 - 433. Let v(z) = z - 33. Give v(i).
-7
Let j(v) be the third derivative of 5*v**4/24 + v**3/2 + 2*v**2 + 10. What is j(-4)?
-17
Let f(x) = x - 1. Let d(r) = -7*r + 7. Let k(o) = -d(o) - 6*f(o). Let n be 6/((-15)/6 + 4). Suppose -3 = -3*g, 2 = 5*j + n*g + 13. Determine k(j).
-4
Let i(f) = f - 8. Let g(z) = z + 3. Let l be g(-6). Let w(p) = -p**3 - 3*p**2 - 4*p - 6. Let m be w(l). Calculate i(m).
-2
Let i be (-318)/(-10) + 14/(-5) + 3. Suppose -4*o - 4*a - i = 0, -2*a - 12 = 5*o - 4*a. Let z(t) = -t**3 - 6*t**2 - 5*t - 5. Give z(o).
-17
Let g(k) = 2491*k + 2500*k + k**2 - 4999*k. Give g(8).
0
Suppose -t + 5 = 0, 5*w + 0*t - 2*t = -45. Let g(c) = -c - 4. Let p be g(w). Suppose 4 = -p*m - 11, -4*f = m - 3. Let q(r) = 7*r. What is q(f)?
14
Let n(d) = -4*d - 5*d**3 + 2*d**2 + 6*d**3 - 2*d**3 + 2 + 3*d**3 + d**3. Calculate n(2).
26
Let f(y) = -166 - 154 - y**2 + 2*y**2 + 6*y + 305 + 4*y. Calculate f(-12).
9
Let i(h) be the first derivative of h**5/20 + h**4/4 + h**3/3 + 8*h - 14. Let t(d) be the first derivative of i(d). Give t(-2).
0
Suppose -3*k + 4*k - 3 = 0. Suppose 6 + 12 = -k*i + 5*y, -y = -4*i - 7. Let h(a) = -14*a**3 + 2*a + 1. What is h(i)?
13
Let c(z) = -z**3 - 10*z**2 - z - 4. Let r = -1219 + 1209. Calculate c(r).
6
Let i(t) be the third derivative of 3*t - 1/20*t**5 + 0 + 16*t**2 + 2/3*t**3 - 1/120*t**6 + 0*t**4. What is i(-3)?
4
Let u(k) = k**2 + 8*k + 6. Let s(t) = -t**3 - 6*t**2 - 20*t - 39. Let a be s(-3). Calculate u(a).
-6
Let n be 1*(4 - (-4 - -6)). Let v(p) = p**2 - p. Let u be v(n). Let x(d) = -u - 3*d + 9*d**2 + 11*d**2 - 21*d**2 + 5. Determine x(-5).
-7
Let t(l) = -2*l**3 + 2*l. Let m be t(-2). Let f = 17 - m. Let r(o) = 3*o - 2. Determine r(f).
13
Let n(a) = 3*a**2 + 7*a. Let b(u) = u**2 + u. Let z(p) = -2*b(p) + n(p). Let m be (1 + -3)*(2 - -1). Calculate z(m).
6
Let h(w) = w**2 - 11*w + 11. Suppose 20 = 5*i, 5*o + 6*i = 3*i + 57. Calculate h(o).
-7
Let u(i) = 4*i - 2. Let z be -1*(2 + 2)/(-1). Let d = z + -2. Suppose 7 + 1 = d*o. Calculate u(o).
14
Let f(o) = 2*o**3 - 13*o**2 + 2*o + 2. Let j(s) = 3*s**3 - 16*s**2 + 3*s + 2. Let t(l) = 4*f(l) - 3*j(l). Give t(-2).
-4
Let c = -986 + 988. Let s(d) be the first derivative of -d + 6 - 1/2*d**c. Determine s(-2).
1
Suppose -2 = -4*q + 3*q. Let f(l) = 1 + q*l**3 - 3*l**3 - 104*l + 105*l. Calculate f(0).
1
Let l be ((-11)/2 + 4)*2. Let s(r) = r**3 - r**2 - r. Let f(n) = 4*n**3 + 8*n**2 - 2*n + 14. Let j(v) = l*s(v) + f(v). Give j(-11).
3
Let y(r) = 5*r**3 - 16*r**2 + 17*r - 4. Let k(d) = 6*d**3 - 18*d**2 + 19*d - 3. Let h(t) = -4*k(t) + 5*y(t). What is h(7)?
6
Let l = 2 - 2. Let r(s) = -s**2 - 1. Let y be (-1)/(1/12*4). Let x(n) = -4*n**2 + 3. Let m(w) = y*r(w) + x(w). Determine m(l).
6
Let t(s) = s**2 + 10*s + 32. Let f be t(-5). Let u(h) = h**2 - 6*h. Give u(f).
7
Let h(s) be the first derivative of -s**4/4 + 5*s**3 + 8*s**2 + 5*s + 134. What is h(16)?
5
Suppose -5*k - 3*b - 18 = 8, 0 = 2*k + 3*b + 5. Let v(r) = -r**3 - 7*r**2 - 10. What is v(k)?
-10
Suppose -2*u - 1 - 1 = 0. Let g(b) be the third derivative of b**8/2880 + b**7/5040 + b**5/3 - 3*b**2. Let d(j) be the third derivative of g(j). Give d(u).
6
Let t(r) = -r**2 - 8*r + 9. Let d(s) = 3*s**2 + 23*s - 26. Let k(x) = 4*d(x) + 11*t(x). Let m = 6 - -10. Suppose -5*j - m = -j. Determine k(j).
-5
Let j(o) = o**3 - 5*o**2 + 3*o + 5. Let n be j(4). Suppose -2*s - 2 = -6. Let z(a) = -4*a**2 - 1 - 4*a**3 + 2*a - 4*a**2 + 6*a**s. Determine z(n).
-5
Let x(o) = -o**2 - o + 1. Let k(b) = b**3 + b**2 - 7*b + 4. Let g(t) = k(t) - 6*x(t). Suppose 16 = -4*j - 4*p, 44 = -5*j + 3*p - 0*p. What is g(j)?
5
Suppose 2*o = 5*b + 28, 5*o - 40*b - 28 = -38*b. Let q(t) = -2*t**2 + 2*t + 3. Give q(o).
-21
Let t(n) be the first derivative of -12 + 3/2*n**2 + 2*n + 1/3*n**3. What is t(-4)?
6
Let l(s) = -s**3 + s**2 - s + 2. Let j(z) = z + 9. Let k be j(0). Let r be (k - 5)/(-1 - 0). Let u = r + 6. Give l(u).
-4
Let f be (7 - 3)*21/12. Let m = 10 - f. Let r(v) = v - 1. Let o(g) = -2*g - 1. Let n(t) = -o(t) - r(t). What is n(m)?
5
Let c(f) = -3 - 3*f + 7*f + 2 - 5*f. Let i(y) = y - 4. Let h be i(-15). Let t = -14 - h. Determine c(t).
-6
Let i(l) = 2*l**2 + 5*l - 8. Let r(p) = 4*p**2 + 9*p - 15. Let m(o) = 5*i(o) - 3*r(o). Let t(g) = -g + 2. Let z be t(6). Calculate m(z).
-19
Let g(k) be the second derivative of k**6/180 + k**5/120 - 9*k**3/2 - 7*k. Let o(y) be the second derivative of g(y). What is o(-2)?
6
Let l = 61 - 65. Let v(u) = -11*u - 10. Let p(i) = 6*i + 5. Let y(t) = l*v(t) - 7*p(t). Give y(-5).
-5
Let p(a) = -a**2 - 3*a + 7. Suppose 22 = -6*q + 64. Suppose q = 2*i - 17. Suppose 6*z + i = 4*z. What is p(z)?
-11
Let k(c) = 8*c**2 + 19*c + 3. Let g(q) = -11*q**2 - 19*q - 3. Let b(o) = 3*g(o) + 4*k(o). Calculate b(19).
3
Suppose -3*h - 8 - 2 = 5*l, 2*h - 2*l + 12 = 0. Let c(m) = m**3 + 5*m**2 + 3*m + 6. What is c(h)?
-9
Let h = -948 - -951. Let y(t) = t**3 - t**2 - 1. Calculate y(h).
17
Suppose -23 + 123 = 10*a. Suppose -a = 5*c - 7*c. Let g(b) = -2*b**2 + 5*b + 6. Determine g(c).
-19
Let m = 1 + 25. Let v be m/(-4) - (-3)/2*1. Let t(q) = q + 6. Give t(v).
1
Suppose -5*f = -0*f - 20. Suppose -f*c + 4*b - 4 = 0, c + 2 = -3*b + 1. Let x(r) = 0*r**3 + 6*r**3 + r**2 + 2*r**3 - 2*r**2. Determine x(c).
-9
Let c(v) be the second derivative of -4*v**3/3 - 118*v. Calculate c(1).
-8
Suppose -236 = 12*v - 128. Let p(f) = -f**3 - 7*f**2 + 21*f + 21. Calculate p(v).
-6
Let i(g) = -1 - 2*g + 15*g - 18*g + 3. Determine i(2).
-8
Let c be (-11)/(462/(-1242)) + 6/14. Suppose -3*o - l - 14 = 0, 3*o - 3*l + c = -0*l. Let u(z) = -z**3 - 7*z**2 - 6*z + 8. What is u(o)?
8
Let o = 4 - -5. Let m = o + -7. Let a(h) = -8*h + 16*h - 12*h - h**m. What is a(-4)?
0
Let n(c) = 11*c - 29. Let x be n(3). Let j(t) = 4*t + 7*t - 14*t - 5 + x*t. Determine j(6).
1
Suppose -5*z = 4*h + 52, 3*z + 0*z + 15 = 3*h. Let d(q) be the third derivative of q**4/24 - 4*q**3/3 - 10*q**2. Determine d(z).
-16
Let k(m) = -m**3 + 5*m**2 + 3*m + 14. Let n be k(6). Let b be (-20)/15*(-6)/n. Let p(d) = d**2 - 2*d + 1. Give p(b).
9
Let q be 36/15 + (-8)/20 + 0. Let b(c) = -c - 2. Give b(q).
-4
Let y(w) = -5*w**2 - 12*w**3 + 1 + 7*w**2 + 2*w - 23*w**3. What is y(-1)?
36
Let h be (24/(-9))/(2/(-6)). Let t(f) be the third derivative of f**6/120 - 3*f**5/20 + f**4/3 + 1144*f**2. Calculate t(h).
0
Let o(y) be the second derivative of y**4/12 + y**3/3 + 3*y**2/2 - 6*y. Let r be o(0). Let j(t) = t**2 - 6*t + 1. Calculate j(r).
-8
Let n(x) = 8*x + 3. Suppose 5*f - 4*j - 105 = 0, -3*f - j + 12 = -2*f. Let b(s) = -18*s - 37. Let z be b(-1). Let k = z + f. Calculate n(k).
-13
Suppose 0 = -5*j - 22 + 62. Let c(m) = -m**2 + 9*m - 7. Let d(i) = 2*i**2 - 17*i + 7. Let h(p) = 3*c(p) + 2*d(p). Determine h(j).
1
Suppose 5*h - 2*h + 12 = 0. Let g(j) be the second derivative of j**3/6 + j**2 - 272*j. What is g(h)?
-2
Let c(x) = -2*x**2 - 14 + 9*x**2 + 12*x - x**3 - 2 + 2*x**2. Let k be c(10). Let r(a) = -2*a**2 + 3*a + 1. Give r(k).
-19
Suppose 4 = -c + 5*x, -3*c + 12 = 6*x - 9*x. Let y(r) = -r + 0*r - 11 + 2*r. Give y(c).
-5
Let p(m) = 3*m + 3. Let i(t) = t. Let b be i(5). Give p(b).
18
Let n be 105/(-40) - (-6)/(-16). Let o(q) = 2*q**3 - 8*q**2 - 8*q - 7. Let p(g) = g**3 + g + 1. Let y(m) = n*p(m) + o(m). Determine y(-7).
18
Let p(x) = x**2 - x + 30. Suppose -19*y + 9*y = 0. What is p(y)?
30
Let s(f) be the second derivative of 5*f**3/6 - 37*f**2/2 - 3*f + 100. Give s(9).
8
Let h(n) be the first derivative of n**3/3 + 3*n**2/2 + n - 8. Let z(c) = -c**3 + 4*c**2 + 6*c - 7. Let a be z(5). Calculate h(a).
-1
Let y(n) be the first derivative of n**2 + 19*n + 628. Determine y(-10).
-1
Let d(h) = 2 - 6*h + 6*h - 4 + 4*h. Suppose 5*z - 8 = z. Suppose -5*